 + 9*h**3 - 2*h. Let j be q(1). Suppose 2*t - 65 = 3*w, j*t - 182 = -0*t + w. Calculate the remainder when t is divided by 13.
11
Suppose 0 = -4*k - 28 + 40. Suppose 87 + 54 = k*y. Calculate the remainder when y is divided by 7.
5
Suppose 10*g - 616 = -12*g. What is the remainder when g is divided by 21?
7
Let o(c) = 84*c**2 + c + 1. Let r be o(-1). Suppose 0 = -3*i + 6 + 6. Suppose -4*z + r = i*y, -3*y + y - z = -44. What is the remainder when y is divided by 12?
11
Let p(f) = -f**2 - 5*f - 1. Let v be p(-3). Suppose -2*q = -3*u + 2*u + 53, v*u - 265 = -q. What is the remainder when u is divided by 14?
11
Let o(n) = 2*n**2 + 5*n - 4. Let k be o(-4). Let p be (430/8)/((-2)/k). What is the remainder when 20 is divided by p/(-30) - 2/12?
6
What is the remainder when 1619 is divided by (6*5)/(-3 - (-44)/12)?
44
Let n(x) = -x**3 + 5*x**2 + 3*x - 5. Let t = 28 + -23. What is the remainder when 29 is divided by n(t)?
9
Let y(g) = 4*g + 1. What is the remainder when 5 + 1 + 3/1 is divided by y(1)?
4
Suppose x + 39 = 4*x + 3*m, x - 43 = 5*m. Let j = 198 - 109. Calculate the remainder when j is divided by x.
17
Suppose -11*t = -20*t + 756. What is the remainder when t is divided by 29?
26
Let p(c) = -9*c**3 + c**2 + 16*c + 46. Calculate the remainder when p(-3) is divided by 120.
10
Suppose -15*s + 75*s = 3060. What is the remainder when 917 is divided by s?
50
Let k(y) = 329*y**3 - 2*y**2 - 7*y + 8. What is the remainder when k(1) is divided by 22?
20
Let d(z) = z**3 - z**2 + z + 2. Let a be d(0). Suppose 45 = h + a*h. Suppose 1 + 57 = 2*b. What is the remainder when b is divided by h?
14
Let q(s) be the second derivative of s**4 - s**3/2 - s**2/2 + 6*s - 3. Calculate the remainder when 25 is divided by q(-1).
11
Let s = 269 + -266. Calculate the remainder when 13 is divided by s.
1
Suppose 5*q - 3*k = -2*k - 19, -k = 2*q + 9. Suppose -225*n + 195*n = -1170. What is the remainder when n is divided by q/6 - 62/(-3)?
19
Suppose 0 = 71*h + 86*h - 8478. Suppose -72 = -4*z - 16. Suppose -t = -0*t - z. Calculate the remainder when h is divided by t.
12
Let u be 3 - -3*(3 - 4). Suppose 6*x = 24 - u. Suppose x*s = -3*q + 21, 3*q + 5*s - 30 = 4*s. Calculate the remainder when 32 is divided by q.
10
Let q(o) = -o**3 - 8*o**2 - 9*o + 10. Suppose 12*r = 9*r + 4*j + 39, 2*r - 3*j - 25 = 0. What is the remainder when q(-8) is divided by r?
14
Let u(q) = 84*q**2 - 19*q + 17. Calculate the remainder when u(1) is divided by 32.
18
What is the remainder when 5 + (9 + -8 - -64) is divided by 36?
34
Let y = 12 + 78. Calculate the remainder when y is divided by 12 + -8 - (-1 + -18).
21
Calculate the remainder when 1847 is divided by (-111)/(-2)*(160/(-30) + 6).
34
What is the remainder when 46 is divided by ((-5)/20)/((-1)/64)?
14
Suppose -2*f - 3*g + 10 = 0, 0 - 10 = -3*f - 2*g. Let z = 24 - 12. What is the remainder when (92/(-12))/(f/(-12)) is divided by z?
10
Suppose -3*y + 54 = -0*y + v, v = 3. Suppose -23*j + 21*j + 256 = 0. Suppose t - 3*t + j = 2*r, -5 = 5*t. What is the remainder when r is divided by y?
14
Let k = 306 + -283. What is the remainder when k is divided by 2?
1
Let m(s) be the third derivative of s**5/60 + 11*s**4/24 - s**3/6 + 12*s**2. What is the remainder when m(-13) is divided by 16?
9
Let r(s) = -s**3 - 9*s**2 + 3*s - 24. What is the remainder when r(-11) is divided by 98?
87
Let k(h) = 4*h**2 + 2*h + 3. Let u(v) = 12*v**2 - 3*v + 2. Suppose -12*q = -7*q - 10. Calculate the remainder when u(q) is divided by k(-2).
14
Suppose 0 = 406*h - 410*h + 128. What is the remainder when h is divided by 4?
0
Let b(u) = u**2 + 12*u + 13. Suppose 2*w + w - 121 = 2*l, -w - l + 37 = 0. Let k be w/3*(-1 + 0). Calculate the remainder when b(k) is divided by 7.
5
Let h(q) = -q**3 - 3*q**2 + 5*q + 5. Let p be h(-4). What is the remainder when (-2)/4*4 + 57 is divided by 0 + (0 - -18) + p?
17
Let g be (20/(-6) + 0)*-3. Suppose -2*q + 24 = -g. What is the remainder when q is divided by 6?
5
What is the remainder when 190/(-2)*(-16)/40 is divided by 23?
15
Let k(m) = -m**3 + 48*m**2 - 45*m - 87. Calculate the remainder when (153/6)/(6/8) is divided by k(47).
6
Suppose -5*c - 544 = -9*c. Let g = c - 4. Calculate the remainder when g is divided by 45.
42
Suppose 73*o - 215 = -4*n + 78*o, -o + 125 = 2*n. What is the remainder when 103 is divided by n?
43
Let d(y) = y**3 - 10*y**2 + 31*y - 45. Calculate the remainder when 124 is divided by d(7).
24
Suppose 5*c - 4*g + 0 = -6, 4*c = -2*g + 16. What is the remainder when 41 is divided by c*2/(-4) - -12?
8
Let p(m) = -3*m**3 + 3*m**2 + 6*m + 2. Suppose 4*l = 5*t - 251, 2*l = -3*t + l + 154. Calculate the remainder when t is divided by p(-2).
25
Let c = -329 - -338. Calculate the remainder when 16 is divided by c.
7
Let x(o) = 3*o - 17. Let m be x(6). Calculate the remainder when -2 + 120 + -2 + m is divided by 30.
27
Let a(s) = -2*s - 9. Let m = -20 - -27. Suppose -12*r + m*r + 185 = 0. Calculate the remainder when r is divided by a(-11).
11
Let p(n) = n + 8*n**2 - 3 + n**3 + 1 + 0. Let g be p(-8). Calculate the remainder when g*(1 - (-15)/(-6)) is divided by 8.
7
Suppose -24*n - f - 52 = -25*n, -2*n - 3*f = -89. Calculate the remainder when 167 is divided by n.
20
Let x(t) = 68*t. Let n be x(1). Let r = -98 + n. What is the remainder when 14 is divided by (2/(-5))/(3/r)?
2
Let a(n) = n**3 - 2*n + 97. Let b be a(0). Suppose b - 91 = 2*w. Suppose -2 = -l - 3*r, -5*l = 3*r - 18 - 28. What is the remainder when l is divided by w?
2
Suppose -3*g - 153 = -2*k, 48 = -3*k + 2*g + 270. Suppose 23*v = 27*v - k. What is the remainder when 69 is divided by v?
15
Suppose 5*p - 4*a - 152 = 0, 0 = -5*p - 5*a + 35 + 90. Let s = -15 + p. Calculate the remainder when 60 is divided by s.
8
Suppose -3 = -2*l - 5*p + 7, 2*l = -4*p + 10. Let o be (l + -20)/((-6)/4). Calculate the remainder when 26 - (o/(-5) + 6) is divided by 6.
4
Let t(z) = -8*z + 1. Let p(r) = 2*r. Let d(g) = 22*p(g) + 6*t(g). What is the remainder when 37 is divided by d(-2)?
9
Suppose -4*d + o = 2*o - 49, -3*o = -2*d + 21. Suppose -73 = 4*b - 93. What is the remainder when d is divided by b?
2
Suppose 2*u - 19 - 77 = 0. Calculate the remainder when 147 is divided by u.
3
Let b = 1179 - 1085. What is the remainder when 845 is divided by b?
93
Let w(i) = 3*i + 2. Let p be w(0). Let u = p + 35. Calculate the remainder when u is divided by 19.
18
Let d = 148 - -76. Calculate the remainder when d is divided by 23.
17
Let w = -63 - -65. Suppose -7*f + 5 = -w*f. Calculate the remainder when f is divided by (-2)/7 - (-9)/7.
0
Calculate the remainder when 792 + (-3 + -6)*1/(-3) is divided by 114.
111
Let u(b) = b**3 + 9*b**2 + 5*b - 4. Let k(n) = n. Let g be k(-2). Let z(d) = -4*d**3 + 3*d**2 + 2*d - 1. Calculate the remainder when z(g) is divided by u(-8).
19
What is the remainder when 90 is divided by ((-1)/2)/(37/(-1776))?
18
Let c be (75/20)/(3/(-8)) - -1. Let w = c - -96. What is the remainder when w is divided by 10?
7
Let o = -94 - -132. Suppose -4*y + 6 + o = 0. What is the remainder when 75 is divided by y?
9
Let m(r) = 53*r**2 - 4*r - 1. Suppose 0 = 3*g + 3, 4*b - 2*g - 178 = -0*g. What is the remainder when m(-2) is divided by b?
43
Let g(a) = 3*a**2 - 4*a - 23. Calculate the remainder when g(10) is divided by 16.
13
Calculate the remainder when 68 is divided by 1 - 507/(-21) - (-23)/(-161).
18
Let x(f) = 15*f - 132. Calculate the remainder when 61 is divided by x(11).
28
Let v(i) = -i**2 - 44*i - 5. What is the remainder when v(-13) is divided by 45?
38
Let b = 0 - -4. Let q = -47 - -49. Calculate the remainder when 2*5/(10/b) is divided by q.
0
Calculate the remainder when (-1 + 1 + (-1)/(-3))*1257 is divided by 105.
104
Suppose 9*o = 4*o + 30. Let w be 10/25 - 36/(-10). Suppose 0 = 4*b + 12, 70 = w*m + 4*b + 18. What is the remainder when m is divided by o?
4
Suppose -2*f + 5*m - 34 = -118, 2*m = 2*f - 72. Let v = f - 24. Calculate the remainder when 45 is divided by v.
5
Suppose 0 = 13*j - 23 - 68. Calculate the remainder when ((-14)/9)/j - 560/(-9) is divided by 9.
8
Suppose 14*i - 2 = 26. Suppose 5*c - 995 = 5*b, -i*c + 5*b - b + 402 = 0. What is the remainder when c is divided by 18?
17
Let z(u) = u + 93. Let l be z(0). Suppose -4*h = 2*f + h - l, 0 = 2*f - h - 